8*i**2 + 4*i. Suppose 0 = -6*b - 368 + 1616. Let j = b - 203. Calculate r(j).
-1
Let y be (-4)/16*(-19 + 71). Let b(t) = t**3 + 15*t**2 + 25*t - 12. Calculate b(y).
1
Let w be (-319)/3 + 12/36. Let l = -105 - w. Suppose 5*a = -2*p + l - 4, -5 = -5*a. Let o(n) = n + 9. Calculate o(p).
5
Suppose 16 = 64*u - 56*u. Suppose -9 = u*j - 1. Let p(c) = -7*c**2 - 6*c + 5. Let b(t) = -t**2 + 1. Let z(m) = 6*b(m) - p(m). Calculate z(j).
-7
Let g(r) be the third derivative of -9 - 1/3*r**3 + r**2 + 0*r - 1/24*r**4 + 1/30*r**5. Calculate g(-3).
19
Suppose 0 = 4*t - 8*o + 9*o - 48, 12 = t - 4*o. Let c(f) = -f**3 + 12*f**2 + 2*f - 2. Give c(t).
22
Let o(m) = -m**3 + m**2 + 35*m - 7. Let l be o(6). Suppose b = -5*z - l, b - 9 = 4*z + 13. Let a(v) = v**3 + 4*v**2 + v. Determine a(z).
-30
Let w(j) = -j + 1. Let t(i) = i - 3. Let b(k) = k - 3. Let u(m) = -2*b(m) + 3*t(m). Let g(d) = -2*u(d) - 3*w(d). Give g(3).
6
Suppose -d = -46 + 37. Suppose 0 = -3*g - 4*i - 13, 2*i - d = -17. Let t(n) = -15*n - 1. Determine t(g).
-16
Let w = 401 - 393. Let p(f) = -222*f + f**2 + 0 + w + 228*f. Determine p(-6).
8
Let b = 2 - 1. Let j(r) be the first derivative of r**5/6 + r**4/12 - r**3/6 + 6*r**2 + 24. Let t(a) be the second derivative of j(a). Determine t(b).
11
Let l(d) = 2*d - 1. Let v(r) = 13*r - 19. Let n(c) = -21*l(c) + 3*v(c). Give n(-4).
-24
Let g(p) = 1018926 - p - 1018926. Let y be 1*(7/((-21)/6) - -7). Determine g(y).
-5
Let f(x) = -3*x**2 - 49*x + 19. Let z(p) = 19*p**2 - 168*p + 111. Let a be z(8). Calculate f(a).
-15
Let k(l) = 73*l**2 + 9*l - 5 + 115*l**2 - 172*l**2. Determine k(2).
77
Let u(r) = -r**2 + 7*r + 2. Let s be (-2380)/8 + 3/(-2) + 1. Let q = 302 + s. Determine u(q).
14
Let o(i) = 1 + 1 + i**2 - 11*i + 5 - 3*i. Suppose -1091*d = -1111*d + 120. Determine o(d).
-41
Let g(s) be the first derivative of -s**4/4 - s**3/3 - 9*s - 1. Let v(n) = 12*n + 2*n**2 + 4*n + 15 - 3*n**2 + 2*n**2. Let q be v(-15). Give g(q).
-9
Let m be (4/(-4) - 8)/(2 - 1). Let u be (2 - -6)*(-5)/((-5)/2). Let w(y) = -8*y**2 - 13 + 6*y - 5*y**2 - u*y + 12*y**2. Give w(m).
-4
Let a(n) = n**3 + 7*n**2 + 4*n - 6. Let q(c) be the first derivative of c**4/2 - 23*c**3 - 18*c**2 + 29*c + 82. Let l be q(35). What is a(l)?
6
Let a(t) = -2*t**2 + 25*t + 478. Let z be a(23). Let i(f) = -33*f - 171. Give i(z).
-6
Let v(a) = 11*a**3 - 56*a**2 + 6*a - 3. Let z be v(5). Let r(u) = 4 - 4 - u + u**2 + 1. Determine r(z).
3
Suppose o = -2*q - 9 + 4, -10 = -q + 2*o. Suppose s - n + 7 = q, -n + 2*n - 15 = 2*s. Let z(y) be the second derivative of y**3/6 + 2*y**2 + 5*y. Give z(s).
-4
Let y(f) = -3*f + 3. Let m = 45 - 43. Suppose 5*u = -q, 2*q + 5*u + 3 = -m. Let c be (-72)/(-20) + 3/q. Determine y(c).
-6
Suppose -16 = -2*r - 2*j, -8 = r - 2*j - 1. Let f(m) = 153*m - 9 - 154*m + r - 2. Calculate f(0).
-8
Let z(y) = -8*y**2 + y**3 - 8 - 5 + 79042*y - 79051*y. What is z(9)?
-13
Let x(m) = -3*m**3 - 2*m**2 + m + 5. Let p(h) = -8*h**2 - 19*h + 15. Let k be p(-3). Calculate x(k).
5
Let s(l) = 8*l + 54. Let u be (-53 + 16 + 25)*10/12. Determine s(u).
-26
Let j = -4333 - -4332. Let s(w) = -12*w - 4. Give s(j).
8
Let i = 59 - 65. Suppose 4 + 2 = z. Let n(u) = 2*u**2 - z*u**2 + 5*u + 5*u**2 - 3. Calculate n(i).
3
Suppose -3*k = -k + 4*f + 54, -5*f + 26 = -3*k. Let z = k + 20. Let j(y) = y**2 - y - 2. Determine j(z).
4
Let m(i) be the first derivative of i**5/60 + i**4/8 - i**3/6 + 21*i**2 - 75. Let k(z) be the second derivative of m(z). Determine k(2).
9
Let b(u) = 6*u - 1. Let a(x) = -13 + 2*x - 2*x - 10*x - 20 + 35. Let t(s) = 5*a(s) + 8*b(s). Suppose 0 = -5*g - 0*g - 10. What is t(g)?
6
Let a(f) be the third derivative of -3 - 1/24*f**4 + 19/6*f**3 + 0*f + f**2. Determine a(16).
3
Suppose h - 5182 = 3*i - 16522, 0 = -i + 2*h + 3775. Let f(k) = 3781*k**2 + k - 1. Let o be f(1). Let r(y) = -8*y**3 + o*y - y**2 + 1 - i*y. What is r(-1)?
8
Let j(y) = -2*y + 2. Let g = 11 + -49. Let o = g - -38. Suppose -6*u + 8 = -u + 2*n, 3*u - 4*n - 10 = o. Determine j(u).
-2
Let z(m) = 8*m + 19. Let o(t) = t**2 - 24*t - 49. Let c(q) = 3*o(q) + 8*z(q). What is c(5)?
40
Let o(f) = -2*f**3 + 14*f**2 - 238*f - 898. Let b be o(-3). Let d(m) = -23*m - 27. Let w(q) = -8*q - 9. Let c(t) = -6*d(t) + 17*w(t). Determine c(b).
1
Let b(m) = 9*m. Let r(y) = -8*y. Let s be (-2 - (-5)/5)*5. Let w(z) = s*b(z) - 4*r(z). Let t be (-1)/5*20/(-4). Determine w(t).
-13
Let h(u) be the third derivative of 57*u**2 - u + 5/8*u**4 + 0 + u**3 + 1/60*u**5. Calculate h(-15).
6
Let a(f) = f**3 + 5*f**2 - 3*f - 4. Suppose -2*o - 2*z - 10 = -0*z, -z = 2*o + 5. Let q be ((-1)/3)/(o - (-7)/105). Calculate a(q).
11
Let c(r) = -30*r + 1761. Let d(p) = 3*p - 169. Let u(s) = 2*c(s) + 21*d(s). Give u(4).
-15
Let s(g) = -11*g + 5*g + 6*g + 10*g**2 + 2*g. Let u be s(2). Let v = -44 + u. Let w(r) = -r - 7. Calculate w(v).
-7
Let o(d) = d**2 + 16*d - 15. Suppose 60*v - 65*v - 75 = -q, -15 = v - 5*q. Calculate o(v).
-30
Let j(n) = n**3 - 29*n**2 + 2*n - 41. Let w(r) = -3*r**3 + 36*r**2 + 22*r - 235. Let v be w(12). Determine j(v).
17
Let v(g) = 9*g**3 + 21*g**2 + 9*g + 15. Let d(y) = 5*y**3 + 12*y**2 + 5*y + 8. Let h(r) = 7*d(r) - 4*v(r). Calculate h(-2).
6
Let q(b) = -559*b + 2230. Let z be q(4). Let g(f) = -3*f - 24. Let s(o) = 2*o + 16. Let r(w) = -5*g(w) - 8*s(w). Determine r(z).
-2
Let w(i) = i**3 + 20*i**2 - 18*i + 31. Let l be w(-21). Let b be l/(-14) - (-4)/(-14). Let x(o) = 2*o + 42 - 78 + o + 37. Calculate x(b).
7
Let p(x) = -20*x**3 - 55*x**2 + 55*x - 10. Let j(w) = 11*w**3 + 29*w**2 - 29*w + 5. Let c(l) = -11*j(l) - 6*p(l). What is c(10)?
-5
Let l(w) = -3*w + 2. Let g(s) = -s**2 - 120*s + 894. Let z be g(-127). Give l(z).
-13
Let l(x) be the third derivative of x**6/8 - x**5/60 + x**4/24 - x**3/3 - 2075*x**2. Calculate l(1).
13
Let k(d) = -4*d**2 - 66*d - 21. Let z(i) = -17*i + 1276. Let p be z(76). What is k(p)?
11
Let l(x) = -x**2 + 9*x - 7. Let u be l(8). Suppose -u = 4*y + 3. Let m(t) = t - 2. Let f(k) = k - 1. Let a(s) = 4*f(s) - 3*m(s). Calculate a(y).
1
Let q(f) = -f + 13. Let w be 79/9 - (-26)/117. Let a be q(w). Let x(s) be the first derivative of -s**4/4 + 5*s**3/3 - 5*s**2/2 - 55. Determine x(a).
-4
Let v = 337 - 329. Suppose 0 = -2*s - 5*t + 31, 7*s + t - 2 = v*s. Let y(a) = -a + 1. Determine y(s).
-2
Suppose 5*f = -5*y - 55, -4*f + 5*y - 34 - 10 = 0. Let k(b) be the third derivative of b**6/120 + b**5/6 - b**4/2 - 7*b**3/3 - b**2 - 5271. Give k(f).
-3
Let h(p) = 8*p - 6. Let i(a) = -a**3 - 17*a**2 + 36*a - 35. Let v be i(-19). Give h(v).
18
Let b(n) be the third derivative of n**7/2520 + n**6/720 - n**5/24 - 39*n**4/8 + 3*n**2 - 65. Let f(x) be the second derivative of b(x). Determine f(0).
-5
Let c(q) = 0*q - 2 - 4 + 4*q. Let i(v) = -17*v + 82. Let m(u) = 2*u. Let r(k) = i(k) + 5*m(k). Let g be r(11). Calculate c(g).
14
Let y be -2*(-1 + 3) - -7935. Let h(a) = a**2 + 4*a + 7931 - y. Let q be (-2)/8 - 15/4. What is h(q)?
0
Let u(i) = -51*i**3 - i**2 - i - 3. Let w(b) = -154*b**3 - 4*b**2 - 4*b - 10. Let j(t) = 7*u(t) - 2*w(t). Suppose 47 - 98 = -17*l - 34. What is j(l)?
-48
Let f = -32 - -1008. Let g be ((-10)/7)/(-7 - f/(-140)). Suppose 0 = g*c - 58*c - 24. Let r(u) = -u - 4. Calculate r(c).
-1
Let p(n) = 103*n**3 - 8*n**2 + n - 9. Let m(o) = 292*o**3 - 24*o**2 + 4*o - 25. Let a(r) = 6*m(r) - 17*p(r). Let l = 14 - 7. Determine a(l).
3
Let z(v) = 48120*v + 6*v**2 - 48166*v - v**2 + 4 - v**2 - 3*v**2. Determine z(46).
4
Let o(k) = 5*k**2 - 6*k**2 + 0*k + 8*k. Let z = 10141 + -10136. What is o(z)?
15
Suppose -84 = -2*t + 2*k + 2*k, 4*t = 4*k + 164. Suppose 5*r = -35 - t. Let l = 20 + r. Let z(q) = 3*q - 7. Calculate z(l).
8
Let d(k) = 3*k - 39 - 135 + 192. What is d(5)?
33
Suppose 3*m + 2*m - 2*f = -602, -f = 4. Let v be ((-1)/(2*-1))/(61/m). Let c(b) = -8*b + 22*b - 5*b**2 - 13*b + 1. Determine c(v).
-5
Let j(g) = 455*g**2 + 3*g + 0*g + 3 - 456*g**2. Let l(f) = -f + 1. Let k be l(4). Let u = k - -8. Determine j(u).
-7
Suppose -242*n + 18 = -239*n. Suppose -2*f = -n + 12. Let h(z) = z**3 + 4*z**2 + 2*z + 4. Calculate h(f).
7
Let w(a) = -a**3 - 2*a**2 + 5*a + 4. Let p be 6/(12/(-3) - -5). Let z be ((-36)/p)/(-1 + 3). Let c be w(z). Let j(h) = -3*h**2 - 2*h + 1. Determine j(c).
-7
Let f = 16084 - 16083. Let x(b) = 33*b - 9. What is x(f)?
24
Let v(u)